, 7, 101
Suppose 211*q = 213*q - 3204. List the prime factors of q.
2, 3, 89
Suppose -6*d + 11*d = 390. Let h = d - 43. Let a = -7 + h. List the prime factors of a.
2, 7
Suppose -4*l + m + 647 = 0, -m - 126 + 451 = 2*l. What are the prime factors of l?
2, 3
Let d(c) = 2204*c - 174. Let h(l) = -63*l + 5. Let y(r) = 5*d(r) + 174*h(r). What are the prime factors of y(1)?
2, 29
What are the prime factors of ((-2)/4)/((-3)/81960*5)?
2, 683
Suppose 96*s - 2942 = 95*s. List the prime factors of s.
2, 1471
Let g(p) = p**3 - 4*p**2 + 5*p + 1. Let c(t) = -t**3 - t. Let w(j) = 2*c(j) + g(j). List the prime factors of w(-5).
11
Let r(j) = 10*j**3 + 11*j**2 - 19*j + 17. Let h(k) = 6 + k**2 - k + 0*k + 3*k**3 + 3*k**2 - 5*k. Let q(b) = -7*h(b) + 2*r(b). List the prime factors of q(-7).
13
Let u = -331 + 604. List the prime factors of u.
3, 7, 13
Let d be (1/2)/(1/(-46)). Let g = 27 + d. What are the prime factors of g?
2
Suppose -26*s + 30*s + 3*t - 4172 = 0, 2*s = -4*t + 2096. What are the prime factors of s?
2, 5, 13
Let m(d) = d**2 + 4*d - 7. Let k be m(-5). List the prime factors of (-2254)/(-56) - k/(-8).
2, 5
Let c be (-3)/(2*-3)*8. Suppose -5*p - 2*n = -n - 18, c*p = n + 18. Let j = 23 - p. List the prime factors of j.
19
Suppose -2*r = -r - 2. Let d be 1 + r - (4 - 3). Suppose -5*h = -d*x + 111, 4*x + 3*h - 167 = 2*h. What are the prime factors of x?
43
Suppose -4*k + 3*k = -44. Let y be k/12 - 4/6. Suppose -5*w + 140 = 5*q, -y*q - 4*w = -100 + 18. List the prime factors of q.
2, 3, 5
Let h be ((-506)/(-2) - 2) + 4. Let v = 373 - h. What are the prime factors of v?
2, 59
Let a = 35 - 33. Suppose -10*t = -a*t - 1024. List the prime factors of t.
2
Let c be 3/((-3)/(-73)) + 0. Suppose 2*o + c + 153 = 0. Let l = -65 - o. List the prime factors of l.
2, 3
Suppose 2*j + 0 = 10. Let p(u) = 3*u**2 + 5*u - 5. Let l be p(j). Suppose -4*d + 9*d = l. What are the prime factors of d?
19
List the prime factors of -2 + (-25)/75*(0 - 654).
2, 3
Suppose 2*j + 146 = 3*j. Let z = -104 + j. Suppose 4*i - 16 = -4*p, 5*i - 5*p = 28 + z. What are the prime factors of i?
3
Let g(j) = 2*j + 5. Suppose 4*o - w = -1 + 6, 5*w = -4*o - 25. List the prime factors of g(o).
5
Let w = 289 - 150. What are the prime factors of w?
139
What are the prime factors of 142/(((-60)/(-135))/(10/9))?
5, 71
Let b be 34/153 + 425/(-9). Let m = 54 + b. What are the prime factors of m?
7
Suppose s + 6 = -4*h + 26, h = -2*s + 5. Suppose 794 = h*k + 4*z, 161 = k - 0*k + 3*z. What are the prime factors of k?
2, 79
Let q(w) = 4*w + 4. Let x be q(9). Let n = x + 1. Suppose -3*r + n + 10 = 0. List the prime factors of r.
17
Let x(r) = r**2 + 10*r + 11. Let j be x(-9). Suppose -3*q - 5*v + 18 = -2*v, 0 = 3*q - 2*v - 33. Suppose j*o + o = q. List the prime factors of o.
3
Let j(x) = -2*x + 7. Let y be j(5). Let w be y*7/(21/(-2)). Suppose 0 = 2*l - 0*s - 3*s - 27, 21 = w*l - s. List the prime factors of l.
3
Let o(f) = 112*f**2 - 8*f - 14. What are the prime factors of o(-2)?
2, 3, 5
Let s = -27 + 30. Suppose -4*m = -5*j - 236, -4*j = -0*m + s*m - 146. What are the prime factors of m?
2, 3
What are the prime factors of 92/(-3)*(3 - (-9)/(-2))?
2, 23
Suppose k = 3*k - 178. Suppose 0 = -3*q - q - u + k, -5*q + u = -109. Suppose w - q = -2. List the prime factors of w.
2, 5
Suppose -3*a + 2*r + 2673 = 0, -4433 = -5*a + 2*r - 6*r. What are the prime factors of a?
7, 127
Suppose 34*g - 12016 - 13416 = 0. List the prime factors of g.
2, 11, 17
Let h(b) = b**3 - 38*b**2 - 32*b + 54. List the prime factors of h(41).
5, 757
List the prime factors of 22065/150 + (-1)/10.
3, 7
Suppose 3*k + 3*p - 2652 = 0, 783 = 4*k - 3*p - 2718. What are the prime factors of k?
3, 293
Let y(t) = -10 - 7*t - 8 + 5 - 3. What are the prime factors of y(-9)?
47
Let p(n) = n**2 - 5*n + 7. Let t be p(4). Suppose -t*b - 2*b + 115 = 0. What are the prime factors of b?
23
Let f(q) = -13*q**3 - q**2 + 10*q + 30. What are the prime factors of f(-4)?
2, 13, 31
Suppose 0 = -11*m + 705 + 4553. What are the prime factors of m?
2, 239
Suppose -47 = 3*u + s - 176, u - 4*s = 30. Suppose 5*t = -t + u. What are the prime factors of (t + 0)/((-2)/(-10))?
5, 7
Let b(m) = 6*m**2 + 10*m - 17. What are the prime factors of b(-9)?
379
Suppose 477 = 4*z - 271. Let k = -38 + z. List the prime factors of k.
149
Let g be (70/(-21))/(2/(-6)). Suppose 5*t - g = 3*t. Let j = 8 + t. List the prime factors of j.
13
Let s(m) = 2*m**2 + 2*m - 4. Let k be s(-3). Let v be (-2)/((9/8)/(-9)). What are the prime factors of 802/v - 1/k?
2, 5
Let m(a) = a**3 - 10*a**2 + 2. Let t be m(10). Let j be (-2 + 1)*(3 - 3). Suppose 58 = t*o - 3*d, 39 = o - j*d + d. List the prime factors of o.
5, 7
Let g be (-1)/(-5) + 8/(-40). Suppose -2*v + 0*v + 5*y = -263, g = -2*v + 4*y + 264. List the prime factors of v.
2, 67
Suppose -185*x + 182*x = -249. List the prime factors of x.
83
Let r(t) = -t**3 + 3*t**2 - t. Let a be r(2). Suppose 5*z + 2*i - 265 = -a*i, 82 = z - 5*i. What are the prime factors of z?
3, 19
Let s = 337 - 168. List the prime factors of s.
13
Suppose 6*q + 5 = 7*q. Suppose 3*n - q*r - 11 = -6*r, -3*r + 9 = 3*n. List the prime factors of -1*(-6)/n*2.
3
Suppose 5*m - 78 = 4*d, m + 4*d - 30 = -0*d. Suppose m = -a + 4*a. What are the prime factors of a?
2, 3
Let y be (-175)/(-14)*(-16)/(-5). Let d be 453/5 + 16/y. Suppose -6*g + 23 = -d. What are the prime factors of g?
19
Let u = -159 - -264. List the prime factors of u.
3, 5, 7
Let s(t) = 346*t - 21. List the prime factors of s(2).
11, 61
Suppose -24*v + 0*v + 45264 = 0. List the prime factors of v.
2, 23, 41
Let k = -128 + 86. List the prime factors of ((-44)/k - (-2)/7)*90.
2, 3, 5
Suppose -5*l - 38 = -s + 16, 0 = -2*l + 5*s - 40. List the prime factors of l/(-15) - (3 - (-232)/(-3)).
3, 5
Suppose -3*k - 293 - 76 = 0. Let q = k + 224. List the prime factors of q.
101
Suppose -512 = -b + 3*i, 0 = -b + 5*b - i - 2037. List the prime factors of b.
509
Let p = -827 + 2250. List the prime factors of p.
1423
What are the prime factors of (-10 - 8)/((-1)/18)?
2, 3
Suppose 7*v = -420 + 4207. What are the prime factors of v?
541
Suppose -k + 162 = -4*k. Let a(q) = -2*q**3 - 37*q**2 - 23*q + 7. Let o be a(-18). Let i = o + k. List the prime factors of i.
43
Suppose -2*f - 115 = -5*t, 4*f - 27 = -2*t + f. Suppose 8*w - 259 = t. List the prime factors of w.
5, 7
Let x(i) = -6*i + 216. List the prime factors of x(0).
2, 3
Let a be 510/8 - 8/(-32). Suppose -4*x - 2*f - 72 = 0, 5*x - x + a = 2*f. Let k = -1 - x. List the prime factors of k.
2
Suppose 0*t + t = -2*w + 31, t - 59 = -4*w. Let y be (1 - 3)*(-553)/w. Let v = y + -55. List the prime factors of v.
2, 3
Suppose 476 = -4*k - l + 4566, -l - 3064 = -3*k. What are the prime factors of k?
2, 7, 73
Suppose -2*c = -k + 37, 4*c + 5*k + 72 = -9. Let g(u) = u**3 + 20*u**2 + 16*u - 5. Let f be g(c). Let x = f - 19. What are the prime factors of x?
3, 11
What are the prime factors of -1073*5*(-4)/20?
29, 37
Suppose w - 5*g - 171 = 403, -5*w = -g - 2750. What are the prime factors of w?
3, 61
Suppose -20304 = -23*d + 11*d. List the prime factors of d.
2, 3, 47
Let k(a) = 8*a - 65. Let b be k(9). Let j(x) = -x**3 + 49*x + 7 - 3*x**2 - 35*x + 9*x**2. What are the prime factors of j(b)?
2, 7
Let l = -793 - -1217. What are the prime factors of l?
2, 53
Let u(k) = k**3 + 7*k**2 + 7*k - 2. Let x be u(-4). Let o = x - 18. Suppose o = -2*d - 4*g + 76, 0 = -5*d - 4*g - g + 175. List the prime factors of d.
2
Let p = 4 + 2. Suppose 0 - 162 = -p*s. What are the prime factors of s?
3
Let r(m) = m**3 - 11*m**2 - 12*m - 11. Let i be r(12). Let c be 99/7 + (-3)/21. Let q = i + c. List the prime factors of q.
3
Suppose -66*c = -57*c - 32598. List the prime factors of c.
2, 1811
Let o = 76 - 73. Suppose 448 = 4*v + o*z, -5*z + 0 = 20. List the prime factors of v.
5, 23
Let u(w) = -54*w - 175. What are the prime factors of u(-29)?
13, 107
Suppose 3*u - 11 = -n, -3*n + 2*u - 14 = -5*n. Suppose -34 = 3*x + 2*r, 2*x + r - n = -26. Let p = 36 + x. List the prime factors of p.
2, 7
Suppose 3*h + 2*a + a - 87 = 0, 4*a - 143 = -5*h. List the prime factors of (-6)/(-27) + ((-8880)/h)/(-5).
2, 3, 11
Suppose -5*p + 657 = -73. Suppose -4*m = p + 146. Let k = m + 129. List the prime factors of k.
2, 7
Let i(x) 